re the prime factors of r(4)?
2
What are the prime factors of (-200)/(-60)*21*39?
2, 3, 5, 7, 13
Let p be (-15)/2*32/(-40). Suppose 2*q - 36 = p*q. Let b = q + 18. What are the prime factors of b?
3
Let n = -1494 + -70. What are the prime factors of n/(-10) - 3/(-5)?
157
Let k = 1621 - 933. What are the prime factors of k?
2, 43
Let x be 157*1 + 20/(-10). Suppose -6*n + n - x = 0. Let v = -18 - n. List the prime factors of v.
13
Suppose 4*o + 0*m + 4*m = 0, -5*o + 30 = -m. Suppose -5*s - 5*n + 3*n = -1310, o*s - 3*n = 1335. List the prime factors of s.
2, 3, 11
Let m(d) = -d**3 - 3*d**2 - d - 3. Suppose -2*f - 3 = 3. Let u be m(f). Suppose 3*n = -0*n + 5*r + 53, 2*n + r - 44 = u. List the prime factors of n.
3, 7
Let i be (-3 - -1)*-17*-1. Suppose 14*s + 200 = -11*s. Let b = s - i. List the prime factors of b.
2, 13
Suppose -5*c + h + 3239 = 0, -3*c + 7*c - 2589 = 3*h. What are the prime factors of c?
2, 3
Let r = 1 - -16. Suppose -r = 2*f - 3*f. Let i = f - -13. List the prime factors of i.
2, 3, 5
Let f be 0 + 1 + -2 + 18. Let s = -365 + 367. Suppose f = s*r + 5. What are the prime factors of r?
2, 3
Let m(y) = y**3 - 3*y**2 - 3*y - 1. Let c be m(4). Suppose 0 = -2*s + c*s. Suppose s*l = -3*l + 105. List the prime factors of l.
5, 7
Suppose 0 = 4*q + 3*f - 10, -q + 18 = q - 5*f. Suppose -q*i + 0*i = -16. What are the prime factors of i?
2
Suppose 2*j = -u + 52, 5*u + 3*j - 18 = 277. Suppose d - u = 110. What are the prime factors of d?
2, 43
Suppose 1295 = 3*h - 4*x - 6593, -5*h - 2*x = -13164. List the prime factors of h.
2, 7, 47
Let b(i) = 329*i + 2. Let l be b(-2). Let g = l - -336. What are the prime factors of 2/(-3) + g/(-12)?
2, 13
Let d(t) be the first derivative of -3/2*t**2 - 6 - t - 13/2*t**4 - 1/3*t**3. What are the prime factors of d(-1)?
3
What are the prime factors of 1136 + 0 - (-5 - -4)*2?
2, 569
Let s = 353 - -4857. List the prime factors of s.
2, 5, 521
Suppose -2918 = -13*g + 1346. What are the prime factors of g?
2, 41
Let v(n) be the second derivative of -n**5/20 + 17*n**4/12 - 5*n**3/2 + 5*n**2 - 9*n. List the prime factors of v(16).
2, 13
Suppose -5 = 5*c, w - 1049 = -3*w + c. Let n = w - 187. What are the prime factors of n?
3, 5
Let f(o) = 5*o**2 + 30*o + 15. List the prime factors of f(14).
5, 283
Suppose 71*q = 78*q - 3766. List the prime factors of q.
2, 269
Let w = 350 + 768. What are the prime factors of w?
2, 13, 43
Let l be ((-2)/3)/(12/(-162)). Let w(k) be the first derivative of -k**2/2 + 13*k - 1. What are the prime factors of w(l)?
2
Let p(y) = -4*y - 17. Let s be p(7). List the prime factors of ((-18)/s)/(1/155).
2, 31
List the prime factors of 3/(-9) + 4250/51.
83
Let o = -18 + 54. Let k be 4/(-18) - (-1664)/o. Let p = -26 + k. What are the prime factors of p?
2, 5
Let v = 390 - 257. Suppose -v = -2*f + 17. List the prime factors of f.
3, 5
Suppose -62 = -5*b + 78. Suppose q = -5 + b. What are the prime factors of q?
23
Let g(j) = -11*j**3 - 23*j**2 + 56*j + 48. Let n(t) = -4*t**3 - 8*t**2 + 19*t + 16. Let w(m) = -3*g(m) + 8*n(m). What are the prime factors of w(-6)?
2, 11
Suppose -2920 = 465*k - 473*k. What are the prime factors of k?
5, 73
Let f = -730 + 1329. What are the prime factors of f?
599
Let f(p) = -p**3 + p**2 + 6*p - 5. Let x be f(3). Let u = 17 - x. What are the prime factors of u?
2, 11
Let w = 8 - 16. Let d(i) be the first derivative of i**3/3 + 3*i**2 - 14*i - 175. What are the prime factors of d(w)?
2
Let y(d) = d**3 - 8*d**2 + d - 4. Let n be y(8). Suppose -n*p - i = -8, 6 = 2*p - 0*i + i. List the prime factors of 99/3 - -2 - p.
2, 17
Suppose 4*d - 2*q + 6*q - 2448 = 0, -4*d + 3*q = -2413. List the prime factors of d.
607
What are the prime factors of (-36612)/(-4)*-5*(-1)/15?
3, 113
Suppose 4*d - 62 = 3*h - 0*d, 2*d + 32 = -2*h. Let a = h + 25. Let w = a - 3. List the prime factors of w.
2
Suppose 11*g - 16*g = -26330. What are the prime factors of g?
2, 2633
Let y(v) = 62*v**2 - 6*v - 17. List the prime factors of y(-3).
13, 43
Suppose -3*p + 78 = -78. Let y be (16/(-10))/(228/(-30) + 8). List the prime factors of (-63)/y - (-13)/p.
2
Suppose 11*t - 16*t = -435. Suppose -a - t = -q + a, q = -2*a + 75. Let m = q + -24. List the prime factors of m.
3, 19
Let l(t) = 5*t**2 + 11*t + 10. Let y(r) = -r**2 + r + 2. Let m(h) = -l(h) - 4*y(h). Let b(n) = 2*n - 4. Let v be b(-3). List the prime factors of m(v).
2
Suppose 94 - 591 = 7*o. Let b = o + 108. List the prime factors of b.
37
Let w(c) = -c**2. Let x(t) = -3*t**2 - 27*t - 6. Let l(f) = 4*w(f) - x(f). What are the prime factors of l(22)?
2, 29
Let n be (1 - 3) + -3 + 7. Suppose 6 = -2*m - n*s, -4*m = -9*m + 5*s + 15. Suppose -z = -m*z - 17. What are the prime factors of z?
17
Suppose -o = -0 - 2, -43 = 3*g - 2*o. Let w = -8 - g. Suppose y - 9 = w. List the prime factors of y.
2, 7
Let u(p) = -2*p**3 + 4*p**2 + 5*p - 11. Let k be u(4). List the prime factors of -4*3/(-6) - k.
3, 19
Suppose 4*j - 28 + 4 = 2*z, 4*j = 4*z + 32. Let t = 9 - 5. Suppose -t*v + 52 = -5*c + c, j*c - 76 = -4*v. What are the prime factors of v?
2
Suppose p = -2*j - 7, 3*p - 2*j - 14 = -j. Suppose -5*a + 6*a = p*b - 758, -b + a = -256. List the prime factors of b.
251
Suppose 7*g - 1301 = -118. What are the prime factors of g?
13
Suppose 13*c + 18 = 16*c. Suppose z - 35 = -c. List the prime factors of z.
29
Suppose -40 = -2*a - 4*t, -2*a + t + 0*t = -50. Let y be 1 - (-7)/(7/a). Let l = -2 + y. List the prime factors of l.
23
Suppose 0 = 2*j - 0 - 16. Let g(s) = 8*s - 20. Let u be g(j). List the prime factors of 2*20*55/u.
2, 5
Let z(c) be the second derivative of c**4/12 - c**3/2 + 2*c**2 + c. Let i be (-5)/(-3) - 2340/351. What are the prime factors of z(i)?
2, 11
Let m(w) = w**3 - 7*w**2 - 8*w - 1. Let i be m(8). What are the prime factors of 5 - 7 - i*71?
3, 23
What are the prime factors of 9*(3 + 0 + 52/26)?
3, 5
Let w(r) = -r**3 - 10*r**2 - 2*r - 11. Let n(t) = 4*t**3 + 31*t**2 + 5*t + 33. Let p(y) = -2*n(y) - 7*w(y). List the prime factors of p(7).
2, 11
Suppose -12*j + 23118 = -9270. List the prime factors of j.
2699
Let z = 15 + -41. Let j = 26 + z. Suppose j*p = -4*p - 4*n + 64, 5*n = -20. List the prime factors of p.
2, 5
Let i = 1919 - 521. List the prime factors of i.
2, 3, 233
Let d(f) = -64*f**3 - 2*f**2 + 1. Let t be d(-1). Suppose -y - t = -4*y. List the prime factors of (-4)/((-24)/y)*2.
7
Let y be (-1)/(4/1048*-2). Suppose -y = -9*k + 103. List the prime factors of k.
2, 13
Let x(r) = -2*r + 8. Let w be x(6). What are the prime factors of 34 - (-2 + 2 + w)?
2, 19
Suppose 2*l - 3 = m, 3*l + 1 = 3*m - 2. Suppose -577 = -m*u + 158. List the prime factors of u.
3, 7
Suppose 6*k - 744 = 1482. What are the prime factors of k?
7, 53
Let z = -255 - -157. What are the prime factors of 28/z + 158/14?
11
Let h = 12 - 10. Suppose -4*q = -h*a + 62, -7*q + 2*q = 10. Suppose 0*p + a = p. What are the prime factors of p?
3
Let m = -58 + 92. Suppose 0 = -4*q + m - 10. Suppose -q*w + 11*w = 105. List the prime factors of w.
3, 7
Let d(h) = -h + 223. Let l be d(0). Suppose -4*c = 4*v + v - l, -15 = -5*v. Suppose 3*j = c + 47. List the prime factors of j.
3, 11
Suppose 2*g + 3*g = -2*v + 18, -v + 11 = 3*g. Suppose -4*t - g*f + 1284 = -3*f, -4*t + f = -1284. List the prime factors of t/21 + 2/(-7).
3, 5
Suppose 3*s = -0 - 15, 1305 = 5*k - 3*s. What are the prime factors of k?
2, 3, 43
Suppose 0*h + h = 3. Suppose -h*p - 6 = 3*n, 2*n + 0*p = -3*p - 8. Suppose -n*k + 87 = k. List the prime factors of k.
29
Let t be -6*2/(-24) + 10/(-4). List the prime factors of (4204/36 - (-4)/18) + t.
5, 23
Suppose -6522 = -20*k + 2378. What are the prime factors of k?
5, 89
Let f be -3 - (2 + -6 + -3 + -1). Suppose -989 - 201 = -f*v. List the prime factors of v.
2, 7, 17
Let g be (0 - 9)*6/18. Let y be ((-64)/(-6))/(g/(-18)). Let b = y - 27. What are the prime factors of b?
37
Let u = -26 - -36. Let y(s) = -s**3 + 11*s**2 - 11*s + 25. List the prime factors of y(u).
3, 5
Suppose -4427 - 9437 = -8*s. What are the prime factors of s?
1733
Let r(q) = 10*q + 1. Let z be r(2). Let b = z - 1. List the prime factors of 425/b - 2/8.
3, 7
Suppose -4*w = 5*y - 185 - 1090, 0 = w. List the prime factors of y.
3, 5, 17
Suppose -4*h = -7*h + 42. Let c = 14 + h. Suppose -2*w + 6*w = c. Wha